t 2542606 (base 9) to base 12.
56a329
What is 3a780 (base 14) in base 4?
203030230
Convert -14a87 (base 16) to base 10.
-84615
Convert -101000111001111001 (base 2) to base 8.
-507171
What is 103278 (base 11) in base 8?
502773
-102232330121 (base 4) to base 7
-56512262
What is 6062021 (base 7) in base 12?
2a92b5
Convert 72cbb (base 13) to base 3.
101111021021
What is 1414101422 (base 5) in base 12?
12859b8
Convert 10000000011110101 (base 2) to base 4.
100003311
What is -34431421 (base 5) in base 14?
-81730
1101110002220 (base 3) to base 10
737097
What is -a2d09b (base 15) in base 7?
-122531513
Convert -f1c1 (base 16) to base 15.
-1350e
Convert -2111212002020 (base 3) to base 9.
-2455066
Convert -2a108 (base 13) to base 5.
-10014034
What is -268772 (base 11) in base 3?
-210102012221
What is 11000001110100111010 (base 2) in base 5?
200401124
Convert -3aa25 (base 15) to base 2.
-101101111000000110
Convert -120313100 (base 5) to base 16.
-880db
7800d6 (base 15) to base 6
322341150
Convert 162224 (base 7) to base 2.
111110100001111
25051110 (base 6) to base 16
c3492
What is -12023011212 (base 4) in base 5?
-403241103
10011011000011 (base 2) to base 5
304143
What is 2af19 (base 16) in base 14?
48161
What is 3a1559a (base 12) in base 3?
210121001210001
904b2 (base 15) to base 5
104103232
What is 112a08 (base 11) in base 2?
101011110101110100
-10011101001111111110 (base 2) to base 15
-cac99
Convert 100220012221202 (base 3) to base 7.
62464256
What is 15b066 (base 14) in base 15?
100388
1333322311 (base 5) to base 13
928520
What is 14012544 (base 6) in base 11?
29aa96
Convert -36cc9 (base 16) to base 5.
-24140312
What is -12ff0c (base 16) in base 15?
-198d10
Convert 11442604 (base 7) to base 14.
1c7504
-1222312113 (base 4) to base 8
-1526627
-213301213 (base 4) to base 3
-22021111001
-201539 (base 10) to base 3
-101020110102
Convert 102131123 (base 4) to base 16.
1275b
Convert -17967d (base 16) to base 5.
-343431403
-184426 (base 9) to base 3
-12211110220
What is -22300002 (base 4) in base 16?
-ac02
What is 47a918 (base 12) in base 2?
100011010111110100100
21b3122 (base 12) to base 6
350200442
-110422312 (base 7) to base 5
-3201124331
-106770 (base 10) to base 16
-1a112
What is 246888 (base 11) in base 13?
108502
Convert -1320102103 (base 4) to base 7.
-4121263
Convert 81c59 (base 13) to base 2.
111000110101010011
What is -19873b (base 13) in base 12?
-272613
32f34 (base 16) to base 11
132880
What is -49870 (base 16) in base 9?
-508111
Convert 125726 (base 8) to base 2.
1010101111010110
501355235 (base 6) to base 15
b264ce
Convert 15411b5 (base 14) to base 6.
1010214203
47143 (base 8) to base 11
14093
Convert -2010121020 (base 3) to base 16.
-a407
What is 1d332 (base 16) in base 6?
2321414
Convert 1453e4 (base 15) to base 10.
979639
-122111020 (base 4) to base 6
-2151144
-30030122231 (base 4) to base 9
-6011805
What is -31131233 (base 4) in base 15?
-1151b
5022243 (base 6) to base 3
110000021200
Convert -1dab97 (base 16) to base 15.
-286216
What is -8bb6 (base 13) in base 16?
-4c80
What is -4403722 (base 8) in base 6?
-41154334
35004104 (base 6) to base 13
2b7aca
4466 (base 16) to base 7
102023
-63347 (base 8) to base 16
-66e7
What is -1232143355 (base 6) in base 15?
-13e1cee
ba7735 (base 13) to base 7
52166311
Convert 56119e (base 16) to base 7.
65641626
77a25 (base 13) to base 2
110100111111000011
Convert -21022200111122 (base 3) to base 16.
-3b5f61
What is 11011101111100101110101 (base 2) in base 11?
41181a6
43542 (base 7) to base 16
2a9c
What is 152030130 (base 6) in base 12?
1092346
-1110110101011000010110 (base 2) to base 9
-7276215
What is -1122122220212 (base 3) in base 14?
-18c540
What is 2453243 (base 6) in base 15?
29013
What is -1201010210022 (base 3) in base 7?
-10501520
What is 15464 (base 7) in base 2?
1000100000110
What is -1451666 (base 7) in base 9?
-331008
312121101212 (base 4) to base 15
13b9ea2
-4310210 (base 7) to base 3
-222121010202
Convert 14046514 (base 7) to base 3.
2110100120111
-40243635 (base 7) to base 9
-6247800
Convert 666bac (base 14) to base 4.
31100223310
What is -432231123 (base 5) in base 8?
-7002575
What is 2954903 (base 11) in base 6?
300414230
Convert 190469 (base 10) to base 16.
2e805
What is -1a5a4a (base 11) in base 7?
-2452322
Convert 53510021 (base 6) to base 5.
401023322
-33400243 (base 5) to base 8
-1075677
What is -44433210 (base 5) in base 13?
-108570
What is -f183 (base 16) in base 4?
-33012003
What is 2002101002020 (base 3) in base 4?
10032321132
What is -13b7c61 (base 13) in base 15?
-83d715
-4c991 (base 16) to base 15
-62e65
What is 582266 (base 12) in base 5?
330220440
381652 (base 10) to base 4
1131023110
Convert -20122222022002 (base 3) to base 8.
-15406635
-b1b4c5 (base 13) to base 9
-7705872
1243323 (base 7) to base 11
100838
940841 (base 11) to base 13
40ab29
What is eddf (base 16) in base 9?
102471
3b607b (base 13) to base 11
8a4994
123112322222 (base 4) to base 3
111111100210112
Convert 16b369a (base 13) to base 6.
422034154
Convert -1679a86 (base 11) to base 16.
-2b8b05
111101221202 (base 3) to base 13
93143
What is 246949 (base 11) in base 9?
653624
What is 1988253 (base 10) in base 4?
13211122131
1202102121210 (base 3) to base 6
32002033
-46c339 (base 15) to base 6
-200255343
-4245751 (base 8) to base 14
-217157
Convert 112232102 (base 4) to base 16.
16b92
Convert -165a (base 16) to base 11.
-4332
What is 1288063 (base 9) in base 2?
10101100110101001100
-76936b (base 12) to base 9
-3478032
-535325440 (base 6) to base 15
-c794c6
-3020233313 (base 5) to base 14
-b2b5a8
582525 (base 15) to base 16
403c79
Convert -26ce20 (base 15) to base 13.
-504564
2222021222202 (base 3) to base 14
2d1d85
What is 40110154 (base 7) in base 6?
155004044
What is -34311423 (base 5) in base 11?
-19a814
Convert -250a7 (base 12) to base 14.
-14447
1372387 (base 13) to base 15
815dd7
What is -91d58 (base 15) in base 4?
-1300302320
What is -23843c (base 15) in base 13?
-4761a2
Convert 2221010201010 (base 3) to base 12.
631510
What is -11262 (base 12) in base 11?
-16171
What is 511112 (base 8) in base 15?
34dec
a4040 (base 11) to base 7
1201334
-2100324 (base 6) to base 16
-18b5c
Convert 101002201121 (base 3) to base 8.
604241
Convert 33b19 (base 16) to base 7.
1541211
What is 33274650 (base 8) in base 4?
123113212220
188281 (base 9) to base 6
2304244
Convert -1130030 (base 4) to base 9.
-8075
Convert -64769 (base 12) to base 5.
-13214132
Convert 122333443 (base 5) to base 12.
245441
Convert 1102204222 (base 5) to base 4.
21011133310
What is 226833 (base 9) in base 7?
1105203
Convert -510b2 (base 12) to base 10.
-105542
What is 2875 (base 10) in base 9?
3844
What is 5514766 (base 10) in base 9?
11334747
328434 (base 11) to base 10
523604
Convert 10110111110011001110101 (base 2) to base 4.
112332121311
281370 (base 11) to base 7
3514501
What is 10743384 (base 10) in base 13?
22c2042
-49645 (base 10) to base 6
-1021501
4e43fe (base 16) to base 9
10576856
Convert 3101464 (base 12) to base 14.
131a176
Convert -31003301 (base 4) to base 12.
-26b55
Convert 6b033 (base 14) to base 3.
111020122111
What is -460873 (base 12) in base 6?
-40005423
What is 1813232 (base 9) in base 12?
40a118
What is -87237 (base 10) in base 14?
-23b13
1113023303 (base 4) to base 10
357107
What is 779e45 (base 15) in base 7?
66323354
5c08e5 (base 15) to base 11
253a64a
Convert 47005b (base 14) to base 4.
21032321001
Convert 11bdb8 (base 14) to base 15.
c073e
What is 11100122000 (base 3) in base 5?
10221002
What is 22459 (base 12) in base 6?
550553
Convert 38173 (base 11) to base 12.
27844
-423748 (base 10) to base 7
-3413263
Convert -53d809 (base 14) to base 9.
-5310862
Convert -121111312121 (base 4) to base 10.
-6643097
-2599ba8 (base 12) to base 10
-7420016
-3b8aa1 (base 14) to base 12
-834231
-2052331 (base 7) to base 9
-417361
-5a166 (base 13) to base 2
-101000010010100100
Convert 127326d (base 14) to base 8.
41705201
Convert -171594d (base 15) to base 11.
-9518a41
What is -2353540 (base 7) in base 12?
-12506a
What is 14393 (base 15) in base 9?
108063
700b9 (base 13) to base 9
334410
What is a013 (base 14) in base 16?
6b41
What is -d669 (base 15) in base 8?
-130414
What is 13330134 (base 5) in base 11?
93444
Convert -1101111101111110 (base